18948353 prime?
False
Is 13270716119 a composite number?
False
Is 3440063059 a composite number?
False
Is 1856237891 a prime number?
True
Is 177621414907 composite?
False
Is 9947621771 composite?
True
Is 3074831887 a prime number?
False
Is 536597513 a composite number?
True
Is 11191206223 prime?
True
Is 6368529863 a prime number?
True
Is 83818429 a composite number?
False
Is 3153256861 a composite number?
True
Is 1840213883 a composite number?
False
Is 29037641279 composite?
False
Is 2242314617 composite?
True
Is 1221451483 a prime number?
False
Is 96897211 a prime number?
True
Is 7142038507 prime?
True
Is 292058995 composite?
True
Is 953995699 prime?
False
Is 1015093889 a prime number?
False
Is 1716558953 prime?
False
Is 35108813507 a composite number?
True
Is 627067523 prime?
False
Is 17063419349 a composite number?
False
Is 53670973189 a prime number?
False
Is 51169064897 a composite number?
False
Is 16091699497 a prime number?
False
Is 96430459 composite?
False
Is 583911719 a composite number?
False
Is 13666184527 composite?
False
Is 19418576663 a composite number?
True
Is 1888595659 composite?
False
Is 54602203 a prime number?
False
Is 73749941 a composite number?
True
Is 37756454779 prime?
True
Is 738777859 a composite number?
False
Is 2192223571 composite?
True
Is 145541477 prime?
True
Is 48550967 composite?
True
Is 5566129549 a composite number?
False
Is 6767979137 a prime number?
False
Is 15352386549 prime?
False
Is 3622618474 composite?
True
Is 5760419711 prime?
True
Is 176459414 prime?
False
Is 2453419303 a prime number?
True
Is 16617915434 a prime number?
False
Is 97820299 composite?
True
Is 204596462419 prime?
False
Is 15760801765 composite?
True
Is 3316869223 prime?
True
Is 1892426271 prime?
False
Is 6363728353 composite?
True
Is 17870588429 composite?
False
Is 114444054059 a prime number?
False
Is 2945643053 a prime number?
True
Is 24064532691 composite?
True
Is 86400807897 a prime number?
False
Is 6737963161 a composite number?
False
Is 1654506683 prime?
True
Is 2225551189 a prime number?
True
Is 8234161631 prime?
False
Is 9377563493 a composite number?
False
Is 147132847333 prime?
False
Is 449746701451 composite?
True
Is 888172843 composite?
True
Is 8855813297 composite?
False
Is 30717828259 composite?
True
Is 316915279829 composite?
True
Is 1281255347 composite?
True
Is 12373113901 prime?
True
Is 40507643479 a composite number?
True
Is 2231583103 a composite number?
False
Is 769034993 composite?
True
Is 5692237071 a composite number?
True
Is 10783408393 a prime number?
True
Is 940629731 a prime number?
True
Is 6781473073 a composite number?
False
Is 16629454594 a prime number?
False
Is 1193359313 prime?
True
Is 10995381974 composite?
True
Is 1246552927 a prime number?
True
Is 54325246438 prime?
False
Is 65881419 prime?
False
Is 78836291 composite?
True
Is 9673693451 a prime number?
True
Is 421460437 composite?
False
Is 3345855703 composite?
False
Is 625435777 a prime number?
False
Is 76693435921 composite?
False
Is 1781374921 prime?
True
Is 96752873597 composite?
False
Is 2949180063 prime?
False
Is 8445001861 composite?
True
Is 20125229909 a prime number?
False
Is 10159983137 composite?
False
Is 30636331673 prime?
True
Is 26660620043 a prime number?
False
Is 1225694071 composite?
True
Is 3062043913 a prime number?
True
Is 3824099351 prime?
True
Is 9836374663 a composite number?
True
Is 45993259171 composite?
False
Is 251045209 a composite number?
False
Is 6796015717 composite?
False
Is 72640682221 a prime number?
False
Is 2048727913 a prime number?
True
Is 177590549 prime?
False
Is 1580566847 a prime number?
True
Is 2547598357 composite?
True
Is 32893314707 a composite number?
True
Is 22899657341 composite?
True
Is 5934995351 a prime number?
False
Is 2779180617 a prime number?
False
Is 2948175203 a composite number?
True
Is 36307138355 composite?
True
Is 38294254301 a prime number?
True
Is 5372714903 composite?
True
Is 28203797 composite?
True
Is 108350297989 a composite number?
False
Is 55939141 a composite number?
False
Is 5828834981 a composite number?
False
Is 134641453 a prime number?
True
Is 21399945241 prime?
True
Is 37163554117 prime?
True
Is 6733581839 composite?
False
Is 29143711549 a prime number?
False
Is 125099278367 composite?
True
Is 3343708779 prime?
False
Is 995551679 a prime number?
False
Is 39930534517 a prime number?
True
Is 183740228845 a prime number?
False
Is 36932027897 a composite number?
True
Is 151836077 a prime number?
False
Is 21776764739 prime?
True
Is 25835183287 a prime number?
True
Is 1916778467 a composite number?
True
Is 2723719181 a prime number?
False
Is 8738492051 a composite number?
True
Is 7561588637 a prime number?
False
Is 416784163 composite?
True
Is 50922168905 a composite number?
True
Is 476978557 a composite number?
True
Is 993333563 prime?
True
Is 149069729 composite?
False
Is 5501723137 a composite number?
False
Is 24008139137 a composite number?
True
Is 15925731191 composite?
False
Is 741571619 a composite number?
False
Is 169513277 composite?
True
Is 2935946887 prime?
True
Is 624969871 a composite number?
False
Is 1923905281 composite?
True
Is 4459993387 a composite number?
False
Is 43988419 prime?
False
Is 3102596617 a composite number?
False
Is 17184483067 a prime number?
True
Is 147430603 prime?
True
Is 93023989 a composite number?
False
Is 2007257927 prime?
True
Is 25432032515 prime?
False
Is 81945135757 a composite number?
False
Is 71352724603 a composite number?
True
Is 647185757 a prime number?
True
Is 3410514049 composite?
False
Is 14023313201 a composite number?
False
Is 107471590447 a prime number?
False
Is 54187291 composite?
False
Is 31563207661 prime?
True
Is 185249631857 a composite number?
False
Is 66920484166 a prime number?
False
Is 79613434711 prime?
False
Is 7757841589 a prime number?
False
Is 4574639591 a composite number?
True
Is 209329727 composite?
False
Is 14019014077 a prime number?
False
Is 29802247043 composite?
False
Is 1940095303 a prime number?
True
Is 13442441737 prime?
False
Is 11726336519 a prime number?
False
Is 53249501357 a composite number?
True
Is 1091757239 prime?
True
Is 23663161631 prime?
False
Is 2383740239 a composite number?
False
Is 5623709489 a prime number?
False
Is 40632935677 a composite number?
True
Is 3599477731 prime?
True
Is 1158378163 composite?
False
Is 18061567 a composite number?
False
Is 27709895459 composite?
False
Is 2768659721 a prime number?
True
Is 505444007767 a composite number?
False
Is 11404917583 composite?
False
Is 2172197387 composite?
True
Is 219704833 prime?
False
Is 2206751005 a prime number?
False
Is 22424191087 composite?
False
Is 530542823 a prime number?
True
Is 9044707873 a composite number?
False
Is 20499122569 composite?
False
Is 127976379227 prime?
True
Is 6994037 composite?
True
Is 367020304427 a composite number?
True
Is 2355935719 a prime number?
False
Is 1765316411 a composite number?
False
Is 669060479 prime?
False
Is 888021263 composite?
True
Is 421126403 a prime number?
True
Is 6789244159 composite?
False
Is 1900225103 prime?
False
Is 2025273893 a prime number?
True
Is 3855911963 a prime number?
True
Is 957907759 composite?
False
Is 48477094363 composite?
False
Is 4395355571 composite?
True
Is 4643213303 composite?
False
Is 16535235217 prime?
False
Is 35552102459 composite?
False
Is 48612303349 a prime number?
True
Is 456717293 a prime number?
False
Is 1274915819 a prime number?
False
Is 41279948713 a prime number?
True
Is 3736421273 a prime number?
False
Is 2368154717 composite?
True
Is 7215989039 a prime number?
False
Is 316154393 a composite number?
False
Is 2650576699 a composite number?
False
Is 61930183331 a composite number?
True
Is 268209359 a prime number?
False
Is 66287324807 a composite number?
True
Is 34642519349 prime?
True
Is 17627368409 composite?
True
Is 4822254649 a prime number?
False
Is 23638725307 composite?
True
Is 107888494769 composite?
True
Is 226626293 a composite number?
True
Is 6511345301 a composite number?
True
Is 22864437599 composite?
True
Is 11528417122 a composite number?
True
Is 596191753 a prime number?
False
Is 5475819751 a prime number?
False
Is 2557866791 a composite number?
True
Is 2104168957 composite?
True
Is 9928841087 a composite number?
True
